
-6
Let r(k) = -2*k**2 - 12*k - 15. Let o be -13 + 4 + (-1 - 9/(-3)). Calculate r(o).
-29
Let d = 499 + -512. Let q(r) = r**3 + 13*r**2 + 2*r + 14. Give q(d).
-12
Let s be (106/(-6) + -3)*(1 + 2). Let u = s + 67. Let p(j) = -j - 2. What is p(u)?
-7
Suppose -13*q = 3*q - 9*q. Let x be (1*3)/(9/12). Let p = x - q. Let n(g) = -g**3 + 3*g**2 + 6*g - 4. What is n(p)?
4
Let g(c) = -c**2 + 7*c + 7. Let q(b) = 5*b**2 - 10*b + 1. Let d(j) = j**2 - j. Let t(m) = -6*d(m) + q(m). Let f be t(-4). Let o be 7/1 + f + -2. Give g(o).
13
Let o(k) = -6*k - 12. Let a = -2251 + 2246. Calculate o(a).
18
Let d(l) = 4*l - 5. Suppose 4*n - 13 = -3*f, 3*n + 2*f = 7*f - 12. Let h(x) = 2*x + 171*x**3 - 166*x**3 - x**2 + 0*x**2 - 1. Let g be h(n). What is d(g)?
15
Suppose x + 16 - 12 = 0. Let o(h) = -h - 3. Calculate o(x).
1
Let j(q) be the second derivative of -q**4/12 + 2*q**3/3 - q**2/2 + 290*q. Determine j(4).
-1
Let c(l) = -5 + 5 - 11*l + l. Suppose -2*d = 2*d + 20. Let t(k) = -k - 6. Let p be t(d). Calculate c(p).
10
Let q(w) be the second derivative of -w**4/12 - 2*w**3 + 67*w**2/2 - 322*w. Give q(4).
3
Let n(w) be the third derivative of -w**6/120 + w**5/10 + w**4/24 + w**3/3 - 2*w**2 + 30*w. Determine n(4).
38
Let a = -36 + 38. Let p(u) = -u + 2 - a*u - 2*u**2 + u + u**2. Suppose -2*j - 3*y - 5 = 0, j = -3*y - 1 - 0. Calculate p(j).
-6
Let q(d) = -1 + 273*d + 2*d**2 - 273*d. Suppose -5*g + 61 + 9 = 0. Suppose -5*s - 4 + g = 0. What is q(s)?
7
Let f = 4 - 0. Let x(g) be the third derivative of -g**6/240 + g**5/40 + 7*g**4/12 - 15*g**2. Let q(u) be the second derivative of x(u). Give q(f).
-9
Let c be (-2)/(-7) + 2224/56. Let g(v) = 2*v + 37*v**2 - c*v**2 + 0*v**3 - 4 - v**3. Let q = -8 - -5. Give g(q).
-10
Let h(d) = d**3 + 7*d**2 - 7*d - 7. Let s = 248 - 256. Give h(s).
-15
Let c(m) = m**2 - 9*m - 4. Let p be c(10). Let s(o) = -o + 10. Let f(b) = 2*b - 22. Let r(h) = 4*f(h) + 9*s(h). Calculate r(p).
-4
Let w be (-9)/(-5) + 4*(-5)/(-100). Let r(t) be the second derivative of -1/6*t**3 - t**2 + 1/12*t**4 - 3*t + 0. What is r(w)?
0
Let m(l) be the second derivative of l**3/6 + l**2 + 29*l + 1. What is m(-1)?
1
Let a(p) = 4*p - 11. Let r(c) = 2*c - 7. Let q(m) = 2*a(m) - 3*r(m). Give q(-2).
-5
Let r(p) = 2*p**3 - 6*p**2 + p - 4. Suppose 0*a = -a + 4. Determine r(a).
32
Let j(g) = -11*g**3 + g. Let o = -1162 - -1161. What is j(o)?
10
Suppose -2*z = o - 3, -2*z = -2*o - 0*z. Suppose -2*h + o = -1. Let b(t) = 3*t + h - 3*t - t + 2. Determine b(7).
-4
Let l(f) be the third derivative of -f**4/24 - f**3/6 + 100*f**2. Calculate l(-9).
8
Let x = -14 + -28. Let o be ((8/1)/2)/((-28)/x). Let w(p) = -p**2 + 6*p + 6. Give w(o).
6
Let t(a) be the second derivative of a**4/12 - 11*a**3/6 - 5*a**2/2 - a + 19. Determine t(11).
-5
Let s(g) = -3*g**2 + 60*g**3 - 246*g**3 + 62*g**3 + 64*g**3 + 63*g**3. What is s(2)?
12
Let o(c) = 60 + 3*c**2 + 5*c + c + 11*c - 2*c**2 - 16. Determine o(-14).
2
Let u(b) = 2*b**2 + 2*b - 1. Let l(k) = -3*k**3 + k**2 + 6*k - 4. Let a be l(2). Let w = a - -14. What is u(w)?
11
Let g(o) = -35*o - 55. Let q be g(-6). Let n(j) = 7 + 77*j**2 - 4*j - q*j**2 + j**3 + 83*j**2. Determine n(-6).
-5
Let s(g) be the first derivative of -g**4/4 + g**3 - g**2 + 3*g + 8. Suppose -4*k - 3*u = 15, 25 = -3*k - k - 5*u. Suppose -c + 7 - 4 = k. What is s(c)?
-3
Let l(t) = t**2 + 12 - 2*t - 9*t + 3*t - 9*t. Let q(w) = -w + 1. Let d(i) = -l(i) + 3*q(i). Let p be d(13). Let v(g) = -g + 4. Give v(p).
0
Let t(v) = -v**3 - 3*v**2 + 4*v + 3. Let z be t(-4). Let h(i) = 2 - 11*i + 3 + 5 + i**2 - z. Give h(10).
-3
Suppose l - 25 = -4*l. Let h(b) be the first derivative of -12 + 5/2*b**2 - 1/3*b**3 + 6*b. Determine h(l).
6
Let x(z) = -6*z. Let d(p) = p + 3. Let h be d(-5). Let m = h + 5. Determine x(m).
-18
Let l(q) = 0*q**2 - 11 - 302*q + 295*q + q**2. Determine l(9).
7
Suppose -16 = -4*l + 2*l. Suppose 2*b - l*b = 0. Suppose b = -2*r - 5*r + 49. Let y(m) = -3*m + 9. Calculate y(r).
-12
Suppose 4*t - 44 = -2*m, t - 5 = -5*m + 24. Let l(j) = -j - 15. Let u(w) = w + 7. Let s(i) = -2*l(i) - 5*u(i). What is s(m)?
-17
Suppose z + 5 = 6. Let j(d) = 1. Let t(y) = y - 1. Let i(o) = z*t(o) - 2*j(o). What is i(-5)?
-8
Let h(x) = x**3 - 7*x**2 + 25*x. Let t(i) = i**3 - 7*i**2 + 28*i. Let m(o) = 7*h(o) - 6*t(o). Calculate m(6).
6
Let t(y) be the third derivative of y**4/24 - y**3/2 + y**2 + 801*y - 2. Let v = 1 - 3. Let h be v*(-1)/(-2)*4. Determine t(h).
-7
Let l be (-6)/(-22) - (-23166)/1573. Let i(q) = 2*q**3 - 31*q**2 + 15*q - 2. Calculate i(l).
-2
Let m = -87 + 90. Suppose 5*v - 3*v = 5*l + 16, 2*v + l - 4 = 0. Let q(h) = h**2 + 2 - 3 + 4*h**3 - 7*h**v - h**m. Calculate q(-1).
4
Let c be 3*((-84)/(-63))/(2*1). Let v(i) be the second derivative of 2/3*i**3 + 3*i + 0 - 1/12*i**4 + 7/2*i**c. What is v(5)?
2
Let r(l) = 6*l**2 - l - 6. Let k(c) = 7*c**2 - 2*c - 6. Let o = -8 - -3. Let i(n) = o*k(n) + 6*r(n). Let s be i(-5). Let x(q) = 8*q. Give x(s).
-8
Let o(k) = k**3 - 15*k**2 - 6*k + 19. Let r(w) = w**3 - 14*w**2 - 5*w + 18. Let s(t) = 5*o(t) - 6*r(t). Determine s(9).
-13
Let s(b) = 3*b**3 + 9*b**2 - 10*b - 18. Let x(n) = -2*n**3 - 6*n**2 + 7*n + 12. Let c be 7 + (-4)/(-8)*-4. Let i(k) = c*s(k) + 8*x(k). Calculate i(-4).
-2
Let v = -261 + 253. Let z(h) = h**3 + 9*h**2 + 7*h + 3. Give z(v).
11
Let d(n) = -5*n - 15. Let o(c) = 14*c + 43. Let i(u) = 11*d(u) + 4*o(u). Suppose 0 = 4*a - 2*a + 6. Let r = -8 - a. What is i(r)?
2
Suppose -773 = 6*v - 731. Let h(q) = -q + 3. Determine h(v).
10
Let u be (-242)/286 - (-4 - (-54)/13). Let h(y) = -9*y + 1. Let n(v) = 9*v - 1. Let x(a) = -3*h(a) - 4*n(a). Give x(u).
10
Suppose 4*h - v - 12 = 0, -10 = -3*h + 4*v + 12. Let r(g) = -13*g + g**h + 25*g - 5 - 9*g - 5*g. Calculate r(6).
19
Let t(w) = -w**3 + w**2 - w - 1. Let j(c) = -4*c**3 + 11*c**2 - 2*c - 9. Let i = 53 + -58. Let z(y) = i*t(y) + j(y). Give z(-5).
6
Let v(m) = 0*m + 1 - m - 14*m**2 + 4*m**2. Let b = 14470 - 14469. What is v(b)?
-10
Let l(d) = 2*d**2 + 3*d + 27. Let n(u) = -u**2 - 14. Let i(o) = -4*l(o) - 7*n(o). Determine i(-11).
1
Let b = 24 - 20. Suppose -b*k = -0*k - 4. Let z(q) = -5*q - 37 + 37. Calculate z(k).
-5
Suppose 8 = p + p. Suppose -5*n + p*l + 5 = 0, -n + 0*l + 1 = -5*l. Let r(k) = -k**2 + 7*k**3 - n - k**3 - 4 + 6. Determine r(-1).
-6
Let k(i) = -i**2 + i. Let l = -24 - -20. Let z(r) = -3*r**2 + 15*r + 11. Let b(d) = l*k(d) + z(d). Let o be b(-10). Let p(n) = -3*n + 1. Calculate p(o).
-2
Let p(d) = -11*d**3 - 3*d**2 - 3*d. Let w = 33 - 30. Let v(c) = -22*c**3 - 5*c**2 - 5*c. Let o(n) = w*v(n) - 5*p(n). Determine o(1).
-11
Let r(v) be the first derivative of -v**4/4 - 2*v**3 - 11*v**2/2 - 8*v + 92. Determine r(-4).
4
Let w(v) = 16*v - 16. Let d(l) = -3*l + 3. Let u(m) = -8*d(m) - 2*w(m). Give u(4).
-24
Let x(g) = 2*g + 5. Let t = 232 + -236. Give x(t).
-3
Let c(k) = -2*k**2 - 4*k - 2. Let p(v) = -v**2 + 15*v - 2. Let b be p(15). Give c(b).
-2
Let d(p) be the second derivative of -4*p + 0*p**3 + 0 + 1/2*p**4 + 0*p**2. Determine d(1).
6
Let u(w) = -w**3 + 10*w**2 + w - 14. Let n be u(10). Let k(t) = -2. Let p(m) = m. Let a(c) = k(c) + p(c). Give a(n).
-6
Let j(c) = -c**3 + 3*c**2 + 5*c - 1. Let f be j(4). Let t = 0 - -11. Let h(n) = -t*n**2 - 1 - 1 + n**3 + 7*n**2 + n. Give h(f).
-8
Let c(r) = 2*r - 6. Let x = 16 + 11. Let y = x - 21. Calculate c(y).
6
Let d(q) be the second derivative of -2*q**3/3 - q**2/2 - 2*q. Let x = 170 + -167. Determine d(x).
-13
Let a(c) = -c**2 - c + 1. Let j(q) = q**2 + 2*q + 3. Let d(n) = -3*n**2 - 5*n - 7. Let y(v) = -4*d(v) - 10*j(v). Let r(x) = -3*a(x) - 2*y(x). Determine r(5).
-9
Suppose -3*b = -4 - 5. Let p = 41 + -40. Let h(o) = -1 + o - p - 3 - b*o. Give h(-4).
3
Let f(p) = p**3 - 6*p**2 + 3*p - 1. Suppose 120 = 19*l + l. Determine f(l).
17
Suppose 0 = -f + 5*m + 16 + 3, 5*f - 3*m - 7 = 0. Let i(a) = 3*a**3 - 1. Let k(c) = -38*c**3 - c + 5. Let j(u) = 6*i(u) + k(u). Calculate j(f).
20
Let x(p) = p**3 - 17*p**2 + 2*p - 31. Let d be x(17). Let u(q) = q**3 - q**2 - 5*q + 3. What is u(d)?
6
Let z(j) = 4*j - 1. Let n(i) = -8*i - 2 - 13*i - 11*i + 29*i. Let b be n(-1). Give z(b).
3
Suppose -8*s + 3*s = -25. Let t(i) be the second derivative of i**3/3 - i**2/2 + 5*i + 1. Give t(s).
9
Let c(y) = -2*y - 4*y - 3*y + 40 + 8*y - y. What is c(19)?
2
Let v(i